multiple of 5?
True
Suppose h + 4 = 5*h. Let z(r) = -r**2 - r. Let i(y) = 4*y**2 - 2*y - 7. Let n(m) = h*i(m) + 3*z(m). Is n(9) a multiple of 11?
False
Let c(q) = q**2 + 2*q - 7. Let g(m) = m - 2. Let f = 11 + -4. Let r be g(f). Does 14 divide c(r)?
True
Let u = 1 - -5. Is u - (2 + -1 - 0) even?
False
Suppose 4*b - 3*s = 1288, -4*b + 4*s = -2058 + 770. Is b a multiple of 38?
False
Suppose -233 = -2*a + w + 4*w, -15 = 3*w. Does 15 divide a?
False
Suppose 6*i - 20 = i. Suppose -4*s - 4*u + 13 = 1, i*s = -2*u + 12. Is 3 a factor of s?
True
Suppose -37 = -5*t + 158. Let u be (t/(-2))/(6/(-16)). Suppose -j - u = -3*f, -3*f = -2*f + 3*j - 14. Does 15 divide f?
False
Suppose -z = -5*z + 180. Is 13 a factor of z?
False
Let f be 8/(-12) + (-38)/(-3). Suppose -4*w + 4*h + f = 0, -8 = 2*w + 5*h - 49. Is 4 a factor of w?
True
Let w(j) = j**2 + j - 4. Let q = 7 - 12. Let d = 1 + q. Does 3 divide w(d)?
False
Let h = 12 - 10. Suppose -5*q + 99 = -h*q. Does 26 divide q?
False
Let o(q) = -q + 1. Let k(b) = -4*b + 10. Let l(n) = k(n) - 3*o(n). Let w be (0 - 1)/1*7. Is l(w) a multiple of 14?
True
Suppose -4*h = v - 21, -3*v - 2*v + 3*h = -59. Is v a multiple of 3?
False
Suppose -q - 3*c - 5 = 0, 0 = -2*q - 0*q + 4*c + 40. Is (-2)/q + 666/30 a multiple of 11?
True
Does 15 divide ((-2)/(-6))/(3/369)?
False
Suppose 8*q = -n + 3*q + 66, -n + 66 = -3*q. Suppose 2*m - 4 = 4. Suppose 0 = -0*c - 5*c - 4*f + 87, -m*c - 5*f + n = 0. Is c a multiple of 8?
False
Let b(v) = 2*v**2 + 5*v + 3. Let x be b(-4). Let o = 30 - x. Is 11 a factor of o?
False
Let i be 2/(((-8)/5)/4). Let v(k) = -k**3 - 3*k**2 + 6*k. Does 20 divide v(i)?
True
Does 8 divide (5 + -9)/((-1)/2)?
True
Suppose 0 = -48*u + 45*u + 228. Is u a multiple of 14?
False
Let y = 52 + 20. Is y a multiple of 28?
False
Let g(o) = -2*o**2 + 7*o + 20. Let q(j) = 29 + 1 + j - j**2 - 2*j**2 + 10*j. Let f(i) = 8*g(i) - 5*q(i). Is f(0) a multiple of 4?
False
Let v = -3 + 1. Does 6 divide v/(-11) - (-688)/88?
False
Let t = -3 + 9. Let n(l) = -l**3 + 5*l**2 + 3*l + 7. Let h be n(t). Let k = h - -44. Is k a multiple of 13?
False
Let z be -6 + (0 - -2) - -28. Suppose 0 = -0*r - 2*r + z. Does 11 divide r?
False
Let t = -48 - -53. Is t even?
False
Suppose -c + k + 0 = 5, -c - 35 = 5*k. Let o = c - -41. Does 14 divide o?
False
Let f(h) = -h**2 - 5*h + 2. Let u be f(-5). Suppose -1 = -u*s - 11. Let o = 26 + s. Does 12 divide o?
False
Suppose -165 - 46 = -5*q - 4*v, 0 = -2*q - 3*v + 90. Is 15 a factor of q?
False
Suppose -2*l + 136 = 2*l. Is l a multiple of 12?
False
Let o(f) = -f**3 + 10*f**2 + 10*f + 11. Is o(9) a multiple of 26?
True
Let v(m) = -3*m + 3. Let d be (-2 - (-16)/10)*-5. Let n be v(d). Is 13 a factor of (n - (-40 + 1)) + -1?
False
Let l be ((-1)/(-3))/(1/(-9)). Let q be (l/(-6))/(1/6). Suppose 8 = -2*c + q*c. Is c a multiple of 8?
True
Suppose 2*u = v - 22, -4*v = v - 3*u - 75. Let r = 11 + v. Does 10 divide r?
False
Let l = 14 - 6. Suppose -3*d - 100 = -l*d. Does 8 divide d?
False
Suppose -4*h + 316 = 5*j, -3*j - j + 158 = 2*h. Is h a multiple of 24?
False
Let j = -5 + 8. Suppose -5*q = -3*l + l + j, -l = -3*q - 1. Suppose -5*z = l*n - 183, 0 = z + z - 5*n - 93. Is z a multiple of 10?
False
Suppose v + 4*v + 16 = -2*z, -5*v - 52 = 4*z. Let g be (-6)/z + (-14)/(-3). Let h = -2 + g. Is h a multiple of 2?
False
Is (24/(-10))/(24/(-640)) a multiple of 19?
False
Suppose 2*w = 4*t + 14, 0 = w - 4*t - 17 + 4. Let v be (2 - 0) + (-1 - w). Suppose -q - 4*q + 130 = v. Does 13 divide q?
True
Suppose 86 = -10*q + 12*q. Does 24 divide q?
False
Let h = 1 + 1. Let m(f) = f**2 - 1. Let u(v) = -3*v**2 - 2*v + 2. Let x(q) = m(q) - u(q). Is 7 a factor of x(h)?
False
Suppose 4*b - 2 - 69 = 5*y, -2*y = -4*b + 62. Is b a multiple of 9?
False
Suppose 0 = 2*y - p + 58, 5*p = 5*y - 3*y + 66. Let q = y + 67. Is q a multiple of 10?
False
Let y be (-28)/(-20) - 4/10. Suppose q + 3*i - 27 = -3*q, q - 5*i = y. Is q a multiple of 6?
True
Is 21 a factor of 126/10*(15 + -10)?
True
Let n(i) = -45*i - 13. Is n(-9) a multiple of 56?
True
Suppose -3*r - 3*i - 35 = -8*r, 0 = 5*r - 2*i - 35. Let m(q) = q**3 - 5*q**2 + 4*q. Let n be m(4). Suppose -v + n*v = -r. Is 7 a factor of v?
True
Let x be 0 - 4/2 - -1. Let g = -1 - x. Does 3 divide -1 + (g + -1)*-6?
False
Let g be (1/(3/(-99)))/(-1). Let l be g/9 - (-2)/6. Suppose 2*q - 67 = -m, -5*q = 3*m - l*m + 81. Is m a multiple of 18?
False
Let p(d) = 17*d**3 - 2*d**2 + 2*d - 1. Let o be p(1). Suppose -g - 4*z + 2*z + o = 0, -5*g - 4*z = -50. Is g even?
True
Let j be 10*8*2/20. Suppose 0 + j = -4*p, 2*p = -5*c + 46. Does 5 divide c?
True
Let g(d) = 12*d**2 + 2*d - 1. Let p(h) = h**3 + 9*h**2 - 9*h + 8. Let k = -12 + 2. Let q be p(k). Is 26 a factor of g(q)?
False
Let m(r) = -r**2 - 12*r + 12. Let k be m(-13). Let d(p) = -25*p - 1. Is d(k) a multiple of 12?
True
Let v(n) = 16*n**2 + 2*n - 8*n**2 - n**2 + 1 + 8*n - n**3. Is 8 a factor of v(8)?
False
Let x = -7 - -5. Is (-3 + 81)*x/(-4) a multiple of 16?
False
Let d(y) = 4*y**2 - 1. Let x be d(-1). Suppose x*s + 3 = n, -n + 6 = s - 1. Let u(c) = c**3 - 5*c**2 - 5*c + 9. Is u(n) a multiple of 8?
False
Let k = 161 - 77. Suppose s = 24 + k. Does 12 divide (-20)/6*s/(-15)?
True
Let p(j) = 6*j**2 + j + 7. Is p(-4) a multiple of 9?
True
Let l(t) = -t**2 + 3*t + 2. Let o be l(3). Suppose 0*q + 4*f - 80 = o*q, 0 = 3*q + 4*f + 80. Let k = q + 63. Does 17 divide k?
False
Let r = -3 - -5. Suppose -5*q + r*q = 0. Suppose -4*v + 121 - 25 = q. Is v a multiple of 12?
True
Let b = 70 + -40. Does 11 divide (24/b)/(2/55)?
True
Suppose -10 = -2*f - 28. Let d = 27 - f. Is 18 a factor of d?
True
Let m be 6/9*3/2. Is ((-180)/(-16))/(m/4) a multiple of 11?
False
Suppose 6*q = 4*q + 8, -q + 36 = -2*s. Let k = s - -28. Is k a multiple of 5?
False
Let r be -1 - (1*-9)/1. Suppose 26 = 2*g - r. Is g a multiple of 12?
False
Suppose 23 = 2*i - 3*t + 7, i - 11 = 3*t. Suppose 5*m = -2*d + 116, 4*d + 35 = i*m - 63. Is m a multiple of 11?
True
Let h(v) = v**3 - v**2 - 4*v - 1. Let q be h(3). Let r(y) = 9*y + 6*y**2 - 4*y**3 + 5*y**3 + q - 4*y. Does 5 divide r(-5)?
True
Let c(w) = -w + 10. Let y be c(7). Let u be 3*y/9 + -3. Does 4 divide (u - -7)*16/10?
True
Let y(d) = d**3 - 8*d**2 - 8*d - 6. Let q be y(9). Suppose q*o + 2*o = 70. Is 12/(-42) - (-200)/o a multiple of 14?
True
Suppose -75 = -2*n - 3*n. Let r = n - 2. Is r a multiple of 13?
True
Let c = -2 - 2. Let a = 19 - c. Is 8 a factor of a?
False
Suppose 0 = -9*r + 4*r + 4*j + 139, 4*r = -j + 107. Is 9 a factor of r?
True
Let l be (0 - -1)/((-5)/(-35)). Let p = -5 + l. Is 2 a factor of p?
True
Is 13 a factor of ((-594)/4)/(12/(-16))?
False
Let b be (-16)/(-3)*6/(-2). Let f(n) = -n**3 + 4*n + 4. Let c be f(4). Let a = b - c. Is a a multiple of 12?
False
Let h be 4/(-18) - (-158)/(-18). Does 10 divide -57*(1 - (-12)/h)?
False
Suppose 4*r = -0*r - 5*c + 460, -118 = -r - 2*c. Is 44 a factor of r?
False
Let s(p) = 2*p**2 - 7*p + 6. Let n(u) = u + 2. Let v be n(2). Let w be s(v). Suppose 70 = 5*c + 4*m, -3*m = -m + w. Is 8 a factor of c?
False
Let u = 0 + 2. Suppose -6*a = -u*a. Suppose a*s = 5*s - 70. Does 14 divide s?
True
Let i be -1*(-1)/(-3)*3. Is 5 a factor of (i/3)/((-7)/315)?
True
Suppose 3*i + 9 = -0. Does 12 divide (2/i)/((-7)/504)?
True
Suppose 0 = 2*s + 2*s + 4. Let x(h) = h**3 + h**2 - 2. Let k be x(0). Is k*(-1 + (-2 - s)) a multiple of 4?
True
Let j = 18 + -10. Suppose -210 = 6*f - j*f. Does 26 divide f?
False
Let a(f) = 0*f + 3*f**2 - 3 - 4*f**2 - 7*f. Let v be a(-6). Suppose -v*y = 2*o + 2*o - 12, -3*y - 5*o + 9 = 0. Is y a multiple of 8?
True
Suppose -13 = 2*t + 4*b + 19, -2*t + 2*b - 2 = 0. Let m be 3/t*-6*1. Suppose 0 = m*u + a - 20, a = u + 2*a - 4. Is 7 a factor of u?
False
Let l(c) = -c**3 + 4*c**2 + c - 2. Let a be l(4). Let x = 3 + a. Suppose 0 = 5*m - 3*q - 61, x*m + 5*q = 2*m + 57. Is m a multiple of 14?
True
Let l = 3 + -1. Suppose -2*n + 84 = l*n. Does 9 divide n?
False
Is 1100/80 + 3/(-4) a multiple of 13?
True
Let k(s) = -s**3 - 27*s**2 - 27*s - 9. Does 17 divide k(-26)?
True
Let m be (1 - 3)/4*-8. Suppose -m*p + s - 2*s + 7 = 0, 15 = 5*p - 5*s. Suppose b - 6 = -5*k + 3, 0 = 4*b + p*k - 36. Does 8 divide b?
False
Let x be -1*1*(-5 - -1). Suppose 3*g + g + 8 = 0, -x*h + 38 = g. Is h a multiple of 5?
True
Let s(i) = 